f 1108 and 3813182.
554
What is the highest common factor of 22630 and 1240?
310
Calculate the highest common divisor of 181807 and 14234.
647
Calculate the greatest common divisor of 1800 and 30816.
72
What is the highest common factor of 28 and 3602?
2
What is the greatest common divisor of 40 and 294985?
5
Calculate the highest common divisor of 4331 and 240477.
71
What is the highest common divisor of 519 and 1141973?
173
Calculate the highest common divisor of 130611 and 3009.
51
Calculate the highest common divisor of 185115 and 2583.
861
What is the greatest common factor of 86222 and 76?
38
What is the highest common divisor of 455 and 14469?
91
What is the highest common factor of 210287 and 154?
77
What is the highest common factor of 980 and 940?
20
Calculate the highest common divisor of 3677327 and 47.
47
What is the highest common divisor of 878 and 2706874?
878
Calculate the highest common factor of 3234 and 4557.
147
Calculate the greatest common divisor of 597024 and 1944.
216
What is the greatest common divisor of 884 and 751842?
442
Calculate the greatest common factor of 988 and 572.
52
What is the highest common factor of 100676 and 32?
4
Calculate the greatest common factor of 2532 and 2294836.
844
What is the greatest common divisor of 79749 and 18?
9
Calculate the greatest common divisor of 748 and 323.
17
What is the highest common divisor of 826 and 9440?
118
What is the highest common divisor of 1248 and 53376?
96
Calculate the highest common factor of 1340 and 8880.
20
What is the highest common divisor of 20 and 278?
2
What is the highest common divisor of 5277 and 12?
3
Calculate the greatest common factor of 1635096 and 9884.
1412
What is the greatest common factor of 186691 and 69?
23
Calculate the greatest common divisor of 30 and 15760.
10
Calculate the highest common factor of 95784 and 312.
312
Calculate the greatest common divisor of 536350 and 20.
10
What is the highest common factor of 232271 and 68?
17
Calculate the greatest common factor of 292908 and 364.
28
What is the highest common factor of 1403776 and 80?
16
What is the highest common factor of 580 and 9580?
20
What is the highest common divisor of 2016 and 102984?
168
What is the highest common factor of 12 and 16866?
6
What is the highest common divisor of 15085 and 6335?
35
What is the highest common divisor of 66 and 13482?
6
What is the highest common factor of 5009758 and 1118?
1118
Calculate the highest common factor of 1295776 and 32.
32
What is the greatest common factor of 40736 and 41952?
608
What is the greatest common factor of 458 and 216?
2
Calculate the greatest common factor of 9630 and 108070.
1070
Calculate the highest common factor of 317567 and 587.
587
What is the highest common divisor of 89928 and 864?
72
Calculate the highest common divisor of 440 and 820028.
44
Calculate the greatest common divisor of 550 and 705122.
22
Calculate the greatest common divisor of 352 and 845636.
44
What is the highest common factor of 2923 and 148?
37
Calculate the greatest common factor of 185 and 5738515.
185
Calculate the greatest common divisor of 6928 and 1055654.
866
What is the greatest common factor of 4600 and 5336?
184
Calculate the greatest common factor of 3747 and 583283.
1249
What is the greatest common divisor of 200548 and 181?
181
Calculate the greatest common divisor of 3183552 and 16.
16
What is the highest common divisor of 436590 and 1518?
66
Calculate the greatest common factor of 16936 and 2552.
232
Calculate the greatest common factor of 89488 and 73304.
952
What is the highest common divisor of 429 and 308451?
429
What is the greatest common divisor of 1280 and 4992?
128
Calculate the greatest common factor of 183484 and 812.
28
What is the greatest common factor of 33 and 130251?
33
What is the highest common divisor of 27921 and 246?
123
What is the highest common divisor of 105 and 113855?
35
Calculate the greatest common divisor of 1560 and 45552.
312
Calculate the highest common divisor of 1377 and 6399.
81
What is the greatest common factor of 555130 and 20?
10
What is the highest common factor of 93387 and 63?
21
Calculate the greatest common divisor of 19062 and 2471.
353
What is the greatest common factor of 53919 and 54?
27
Calculate the greatest common divisor of 2303 and 784.
49
Calculate the highest common factor of 231 and 23793.
231
Calculate the highest common factor of 334709 and 773.
773
What is the highest common factor of 185915 and 475?
95
Calculate the greatest common factor of 2523 and 31233.
87
What is the greatest common factor of 22 and 1149445?
11
What is the greatest common divisor of 1001 and 63245?
91
Calculate the highest common factor of 74916 and 36.
36
Calculate the highest common factor of 12 and 18916.
4
What is the highest common factor of 44 and 2890030?
22
Calculate the highest common divisor of 2464 and 1683528.
616
Calculate the highest common divisor of 3445 and 429.
13
What is the highest common factor of 2264 and 784?
8
Calculate the greatest common factor of 534 and 1386.
6
Calculate the greatest common factor of 305656 and 520.
104
Calculate the greatest common factor of 19879 and 772.
193
Calculate the highest common factor of 560 and 20208.
16
Calculate the greatest common divisor of 10845 and 54.
9
Calculate the highest common divisor of 9656 and 3299938.
2414
What is the greatest common factor of 292281 and 561?
561
What is the highest common divisor of 9 and 252009?
9
Calculate the highest common factor of 376057 and 1496.
187
What is the highest common divisor of 651917 and 133?
7
What is the highest common divisor of 36342 and 14806?
1346
Calculate the highest common factor of 56 and 28.
28
Calculate the highest common factor of 1116774 and 72.
18
What is the highest common factor of 3570814 and 26?
26
What is the highest common divisor of 26 and 620399?
13
Calculate the highest common factor of 29 and 27663303.
29
Calculate the highest common factor of 1254809 and 2042.
1021
What is the greatest common divisor of 127124 and 488?
244
Calculate the greatest common factor of 56 and 577024.
56
Calculate the greatest common divisor of 707 and 22778.
7
What is the highest common divisor of 825 and 52875?
75
Calculate the greatest common divisor of 10872 and 1255112.
1208
What is the greatest common factor of 4557 and 5921?
31
What is the greatest common divisor of 24 and 29888?
8
Calculate the greatest common factor of 50823 and 21.
3
Calculate the highest common factor of 265 and 1007.
53
What is the greatest common divisor of 348 and 8613?
87
What is the greatest common factor of 40 and 4008540?
20
Calculate the highest common divisor of 115 and 428191.
23
What is the highest common factor of 26358 and 42?
6
Calculate the highest common factor of 1955 and 765.
85
What is the greatest common divisor of 738 and 203442?
246
Calculate the greatest common divisor of 6561 and 1053.
81
What is the highest common divisor of 118461 and 63?
21
What is the highest common factor of 3537 and 459?
27
Calculate the highest common divisor of 16 and 58192.
16
Calculate the highest common divisor of 16 and 524.
4
What is the greatest common factor of 620 and 39742?
62
Calculate the greatest common divisor of 18551 and 572.
13
Calculate the greatest common factor of 83534 and 44.
22
What is the highest common factor of 14536 and 60356?
316
What is the highest common divisor of 9126 and 119990?
338
What is the highest common divisor of 345 and 32545?
115
What is the greatest common divisor of 129823 and 8567?
659
Calculate the highest common factor of 287068 and 344.
172
What is the greatest common divisor of 8551 and 17?
17
What is the greatest common divisor of 1712 and 3568?
16
What is the highest common divisor of 1181 and 2310036?
1181
Calculate the greatest common factor of 38 and 589418.
38
What is the greatest common factor of 14420 and 1540?
140
Calculate the highest common divisor of 15625598 and 86.
86
What is the highest common divisor of 5368 and 344894?
1342
What is the highest common factor of 59899 and 1505?
301
Calculate the greatest common divisor of 918 and 2907.
153
Calculate the highest common divisor of 1196668 and 572.
44
What is the greatest common divisor of